 {"id":5268,"date":"2017-06-06T15:25:28","date_gmt":"2017-06-06T15:25:28","guid":{"rendered":"http:\/\/www4.uma.pt\/cierl\/?page_id=5268"},"modified":"2017-07-18T16:11:51","modified_gmt":"2017-07-18T16:11:51","slug":"icua-formulario-de-inscricao","status":"publish","type":"page","link":"https:\/\/cierl.uma.pt\/?page_id=5268","title":{"rendered":"ICUA &#8211; Formul\u00e1rio de inscri\u00e7\u00e3o"},"content":{"rendered":"\n<div class=\"wpcf7 no-js\" id=\"wpcf7-f4677-o1\" lang=\"pt-PT\" dir=\"ltr\">\n<div class=\"screen-reader-response\"><p role=\"status\" aria-live=\"polite\" aria-atomic=\"true\"><\/p> <ul><\/ul><\/div>\n<form action=\"\/index.php?rest_route=%2Fwp%2Fv2%2Fpages%2F5268#wpcf7-f4677-o1\" method=\"post\" class=\"wpcf7-form init\" aria-label=\"Contact form\" novalidate=\"novalidate\" data-status=\"init\">\n<div style=\"display: none;\">\n<input type=\"hidden\" name=\"_wpcf7\" value=\"4677\" \/>\n<input type=\"hidden\" name=\"_wpcf7_version\" value=\"5.9.8\" \/>\n<input type=\"hidden\" name=\"_wpcf7_locale\" value=\"pt_PT\" \/>\n<input type=\"hidden\" name=\"_wpcf7_unit_tag\" value=\"wpcf7-f4677-o1\" \/>\n<input type=\"hidden\" name=\"_wpcf7_container_post\" value=\"0\" \/>\n<input type=\"hidden\" name=\"_wpcf7_posted_data_hash\" value=\"\" \/>\n<\/div>\n<p>* Nome Pr\u00f3prio<br \/>\n<span class=\"wpcf7-form-control-wrap\" data-name=\"Nome\"><input size=\"40\" maxlength=\"400\" class=\"wpcf7-form-control wpcf7-text wpcf7-validates-as-required\" aria-required=\"true\" aria-invalid=\"false\" value=\"\" type=\"text\" name=\"Nome\" \/><\/span>\n<\/p>\n<p>* Apelido<br \/>\n<span class=\"wpcf7-form-control-wrap\" data-name=\"Apelido\"><input size=\"40\" maxlength=\"400\" class=\"wpcf7-form-control wpcf7-text wpcf7-validates-as-required\" aria-required=\"true\" aria-invalid=\"false\" value=\"\" type=\"text\" name=\"Apelido\" \/><\/span>\n<\/p>\n<p>* Morada postal<br \/>\n<span class=\"wpcf7-form-control-wrap\" data-name=\"Morada\"><input size=\"40\" maxlength=\"400\" class=\"wpcf7-form-control wpcf7-text wpcf7-validates-as-required\" aria-required=\"true\" aria-invalid=\"false\" value=\"\" type=\"text\" name=\"Morada\" \/><\/span>\n<\/p>\n<p>* Numero de Identifica\u00e7\u00e3o Fiscal (NIF)<br \/>\n<span class=\"wpcf7-form-control-wrap\" data-name=\"NIF\"><input size=\"40\" maxlength=\"400\" class=\"wpcf7-form-control wpcf7-text wpcf7-validates-as-required\" aria-required=\"true\" aria-invalid=\"false\" value=\"\" type=\"text\" name=\"NIF\" \/><\/span>\n<\/p>\n<p>* Grau Acad\u00e9mico<br \/>\n<span class=\"wpcf7-form-control-wrap\" data-name=\"GrauAcademico\"><select class=\"wpcf7-form-control wpcf7-select wpcf7-validates-as-required\" aria-required=\"true\" aria-invalid=\"false\" name=\"GrauAcademico\"><option value=\"Bacharelato\">Bacharelato<\/option><option value=\"Licenciatura\">Licenciatura<\/option><option value=\"P\u00f3s-gradua\u00e7\u00e3o\">P\u00f3s-gradua\u00e7\u00e3o<\/option><option value=\"Mestrado\">Mestrado<\/option><option value=\"Doutoramento\">Doutoramento<\/option><\/select><\/span>\n<\/p>\n<p>* Institui\u00e7\u00e3o<br \/>\n<span class=\"wpcf7-form-control-wrap\" data-name=\"Instituicao\"><input size=\"40\" maxlength=\"400\" class=\"wpcf7-form-control wpcf7-text wpcf7-validates-as-required\" aria-required=\"true\" aria-invalid=\"false\" value=\"\" type=\"text\" name=\"Instituicao\" \/><\/span>\n<\/p>\n<p>* Telefone<br \/>\n<span class=\"wpcf7-form-control-wrap\" data-name=\"Telefone\"><input size=\"40\" maxlength=\"400\" class=\"wpcf7-form-control wpcf7-tel wpcf7-validates-as-required wpcf7-text wpcf7-validates-as-tel\" aria-required=\"true\" aria-invalid=\"false\" value=\"\" type=\"tel\" name=\"Telefone\" \/><\/span>\n<\/p>\n<p>* Email<br \/>\n<span class=\"wpcf7-form-control-wrap\" data-name=\"Email\"><input size=\"40\" maxlength=\"400\" class=\"wpcf7-form-control wpcf7-email wpcf7-validates-as-required wpcf7-text wpcf7-validates-as-email\" aria-required=\"true\" aria-invalid=\"false\" value=\"\" type=\"email\" name=\"Email\" \/><\/span>\n<\/p>\n<p>* Categoria<br \/>\n<span class=\"wpcf7-form-control-wrap\" data-name=\"Categoria\"><select class=\"wpcf7-form-control wpcf7-select\" aria-invalid=\"false\" name=\"Categoria\"><option value=\"Participante sem comunica\u00e7\u00e3o\">Participante sem comunica\u00e7\u00e3o<\/option><option value=\"Participante com comunica\u00e7\u00e3o\">Participante com comunica\u00e7\u00e3o<\/option><option value=\"Estudante sem comunica\u00e7\u00e3o\">Estudante sem comunica\u00e7\u00e3o<\/option><option value=\"Estudante com comunica\u00e7\u00e3o\">Estudante com comunica\u00e7\u00e3o<\/option><\/select><\/span>\n<\/p>\n<p>\u00c1rea Cient\u00edfica<br \/>\n<span class=\"wpcf7-form-control-wrap\" data-name=\"AreaCientifica\"><input size=\"40\" maxlength=\"400\" class=\"wpcf7-form-control wpcf7-text\" aria-invalid=\"false\" value=\"\" type=\"text\" name=\"AreaCientifica\" \/><\/span>\n<\/p>\n<p><input type=\"hidden\" name=\"_wpcf7_captcha_challenge_captcha-528\" value=\"2299997361\" \/><img loading=\"lazy\" decoding=\"async\" class=\"wpcf7-form-control wpcf7-captchac wpcf7-captcha-captcha-528\" width=\"60\" height=\"20\" alt=\"captcha\" src=\"https:\/\/cierl.uma.pt\/wp-content\/uploads\/wpcf7_captcha\/2299997361.png\" \/><br \/>\n<span class=\"wpcf7-form-control-wrap\" data-name=\"captcha-528\"><input size=\"40\" class=\"wpcf7-form-control wpcf7-captchar\" autocomplete=\"off\" aria-invalid=\"false\" value=\"\" type=\"text\" name=\"captcha-528\" \/><\/span>\n<\/p>\n<p><input class=\"wpcf7-form-control wpcf7-submit has-spinner\" type=\"submit\" value=\"Send\" \/>\n<\/p><p style=\"display: none !important;\" class=\"akismet-fields-container\" data-prefix=\"_wpcf7_ak_\"><label>&#916;<textarea name=\"_wpcf7_ak_hp_textarea\" cols=\"45\" rows=\"8\" maxlength=\"100\"><\/textarea><\/label><input type=\"hidden\" id=\"ak_js_1\" name=\"_wpcf7_ak_js\" value=\"68\"\/><script>document.getElementById( \"ak_js_1\" ).setAttribute( \"value\", ( new Date() ).getTime() );<\/script><\/p><div class=\"wpcf7-response-output\" aria-hidden=\"true\"><\/div>\n<\/form>\n<\/div>\n\n<h3><span style=\"color: #800000;\"><strong>Pagamento de taxas de inscri\u00e7\u00e3o:<\/strong><\/span><\/h3>\n<ul>\n<li>Pagamento por transfer\u00eancia\u00a0banc\u00e1ria para conta da UMa<\/li>\n<\/ul>\n<p><b>IBAN: <\/b> <b>PT50 &#8211; 0033 &#8211; 0000 &#8211; 00008562288 &#8211; 05 \u00a0<\/b><\/p>\n<p>Banco: Millenium BCP<\/p>\n<p>Swift code: BCOMPTPL<\/p>\n<p>Benefici\u00e1rio: Universidade da Madeira<\/p>\n<p>Morada: Colegio dos Jesuitas, Pra\u00e7a do Munic\u00edpio \u00a0Funchal, Portugal<\/p>\n<p><strong>\u00a0<\/strong><\/p>\n<ul>\n<li>\u00a0Pagamento por <strong><a href=\"https:\/\/pagamentos.uma.pt\/events\/insula2017\/\">Paypal<\/a><\/strong><\/li>\n<\/ul>\n<h3 class=\"m_-5659351666098033466io-ox-signature\"><strong>\u00a0<span style=\"color: #800000;\">Nota:<\/span><\/strong><\/h3>\n<div class=\"m_-5659351666098033466io-ox-signature\">\n<ul>\n<li>O comprovativo de pagamento dever\u00e1 ser enviado para\u00a0<a href=\"http:\/\/insula3@mail.uma.pt\/\">insula3@mail.uma.pt<\/a>\u00a0.<\/li>\n<li>Qualquer taxa relativa a transfer\u00eancia banc\u00e1ria ser\u00e1 da responsabilidade do participante inscrito.<\/li>\n<\/ul>\n<\/div>\n","protected":false},"excerpt":{"rendered":"<p>Pagamento de taxas de inscri\u00e7\u00e3o: Pagamento por transfer\u00eancia\u00a0banc\u00e1ria para conta da UMa IBAN: PT50 &#8211; 0033 &#8211; 0000 &#8211; 00008562288 &#8211; 05 \u00a0 Banco: Millenium BCP Swift code: BCOMPTPL Benefici\u00e1rio: Universidade da Madeira Morada: Colegio dos Jesuitas, Pra\u00e7a do Munic\u00edpio \u00a0Funchal, Portugal \u00a0 \u00a0Pagamento por Paypal \u00a0Nota: O comprovativo de pagamento dever\u00e1 ser enviado para\u00a0insula3@mail.uma.pt\u00a0. &#8230; <a title=\"ICUA &#8211; Formul\u00e1rio de inscri\u00e7\u00e3o\" class=\"read-more\" href=\"https:\/\/cierl.uma.pt\/?page_id=5268\" aria-label=\"More on ICUA &#8211; Formul\u00e1rio de inscri\u00e7\u00e3o\">Read more<\/a><\/p>\n","protected":false},"author":6,"featured_media":0,"parent":1932,"menu_order":0,"comment_status":"closed","ping_status":"closed","template":"","meta":{"footnotes":""},"language":[6],"class_list":{"0":"post-5268","1":"page","2":"type-page","3":"status-publish","5":"language-pt_pt"},"_links":{"self":[{"href":"https:\/\/cierl.uma.pt\/index.php?rest_route=\/wp\/v2\/pages\/5268","targetHints":{"allow":["GET"]}}],"collection":[{"href":"https:\/\/cierl.uma.pt\/index.php?rest_route=\/wp\/v2\/pages"}],"about":[{"href":"https:\/\/cierl.uma.pt\/index.php?rest_route=\/wp\/v2\/types\/page"}],"author":[{"embeddable":true,"href":"https:\/\/cierl.uma.pt\/index.php?rest_route=\/wp\/v2\/users\/6"}],"replies":[{"embeddable":true,"href":"https:\/\/cierl.uma.pt\/index.php?rest_route=%2Fwp%2Fv2%2Fcomments&post=5268"}],"version-history":[{"count":5,"href":"https:\/\/cierl.uma.pt\/index.php?rest_route=\/wp\/v2\/pages\/5268\/revisions"}],"predecessor-version":[{"id":5410,"href":"https:\/\/cierl.uma.pt\/index.php?rest_route=\/wp\/v2\/pages\/5268\/revisions\/5410"}],"up":[{"embeddable":true,"href":"https:\/\/cierl.uma.pt\/index.php?rest_route=\/wp\/v2\/pages\/1932"}],"wp:attachment":[{"href":"https:\/\/cierl.uma.pt\/index.php?rest_route=%2Fwp%2Fv2%2Fmedia&parent=5268"}],"wp:term":[{"taxonomy":"language","embeddable":true,"href":"https:\/\/cierl.uma.pt\/index.php?rest_route=%2Fwp%2Fv2%2Flanguage&post=5268"}],"curies":[{"name":"wp","href":"https:\/\/api.w.org\/{rel}","templated":true}]}}