 {"id":521,"date":"2015-04-09T08:57:43","date_gmt":"2015-04-09T08:57:43","guid":{"rendered":"http:\/\/www4.uma.pt\/cierl\/?page_id=521"},"modified":"2016-02-18T12:53:27","modified_gmt":"2016-02-18T12:53:27","slug":"nucleo-da-familia-e-aconselhamento-parental","status":"publish","type":"page","link":"https:\/\/cierl.uma.pt\/?page_id=521","title":{"rendered":"N\u00facleo da Famil\u00eda e Aconselhamento Parental"},"content":{"rendered":"<p><strong>Coordena\u00e7\u00e3o:<\/strong> Margarida Pocinho<\/p>\n<p><strong>Institui\u00e7\u00f5es de Acolhimento:<\/strong>\u00a0SRE \/\u00a0CIERL-UMa<\/p>\n<p><strong>Equipa de Investigadores: <\/strong>Isabel Cristina Cruz, Lu\u00edsa Novais e Goreti Mendes. Conta ainda com a colabora\u00e7\u00e3o dos alunos 2.\u00ba ano de Mestrado em Psicologia da Educa\u00e7\u00e3o.<\/p>\n<p><strong>Datas<\/strong>: inicio: mar\u00e7o de 2015<\/p>\n<p><strong>Sinopse:<\/strong> O PROJETO\u00a0N\u00daCLEO DE APOIO \u00c0 FAM\u00cdLIA E APOIO PARENTAL tem como finalidade promover as compet\u00eancias familiares, relacionais e individuais, necess\u00e1rias para a constru\u00e7\u00e3o do bem-estar das crian\u00e7as\/jovens com necessidades educativas especiais (NEE). De modo a promover o sucesso escolar e a inclus\u00e3o, defende-se a valoriza\u00e7\u00e3o social da escola, que passa tamb\u00e9m pelo trabalho junto das fam\u00edlias com filhos com NEE. Pretende-se intervir junto de fam\u00edlias em situa\u00e7\u00e3o de crise\/desadapta\u00e7\u00e3o ao n\u00edvel terap\u00eautico, com base na interven\u00e7\u00e3o sist\u00e9mica e familiar, e ainda, a forma\u00e7\u00e3o de t\u00e9cnicos e pais centrando-se nas tem\u00e1ticas de diagn\u00f3stico, encaminhamento e interven\u00e7\u00e3o nas NEE.<\/p>\n","protected":false},"excerpt":{"rendered":"<p>Coordena\u00e7\u00e3o: Margarida Pocinho Institui\u00e7\u00f5es de Acolhimento:\u00a0SRE \/\u00a0CIERL-UMa Equipa de Investigadores: Isabel Cristina Cruz, Lu\u00edsa Novais e Goreti Mendes. Conta ainda com a colabora\u00e7\u00e3o dos alunos 2.\u00ba ano de Mestrado em Psicologia da Educa\u00e7\u00e3o. Datas: inicio: mar\u00e7o de 2015 Sinopse: O PROJETO\u00a0N\u00daCLEO DE APOIO \u00c0 FAM\u00cdLIA E APOIO PARENTAL tem como finalidade promover as compet\u00eancias familiares, &#8230; <a title=\"N\u00facleo da Famil\u00eda e Aconselhamento Parental\" class=\"read-more\" href=\"https:\/\/cierl.uma.pt\/?page_id=521\" aria-label=\"More on N\u00facleo da Famil\u00eda e Aconselhamento Parental\">Read more<\/a><\/p>\n","protected":false},"author":4,"featured_media":0,"parent":177,"menu_order":0,"comment_status":"closed","ping_status":"open","template":"","meta":{"footnotes":""},"language":[6],"class_list":{"0":"post-521","1":"page","2":"type-page","3":"status-publish","5":"language-pt_pt"},"_links":{"self":[{"href":"https:\/\/cierl.uma.pt\/index.php?rest_route=\/wp\/v2\/pages\/521","targetHints":{"allow":["GET"]}}],"collection":[{"href":"https:\/\/cierl.uma.pt\/index.php?rest_route=\/wp\/v2\/pages"}],"about":[{"href":"https:\/\/cierl.uma.pt\/index.php?rest_route=\/wp\/v2\/types\/page"}],"author":[{"embeddable":true,"href":"https:\/\/cierl.uma.pt\/index.php?rest_route=\/wp\/v2\/users\/4"}],"replies":[{"embeddable":true,"href":"https:\/\/cierl.uma.pt\/index.php?rest_route=%2Fwp%2Fv2%2Fcomments&post=521"}],"version-history":[{"count":6,"href":"https:\/\/cierl.uma.pt\/index.php?rest_route=\/wp\/v2\/pages\/521\/revisions"}],"predecessor-version":[{"id":1164,"href":"https:\/\/cierl.uma.pt\/index.php?rest_route=\/wp\/v2\/pages\/521\/revisions\/1164"}],"up":[{"embeddable":true,"href":"https:\/\/cierl.uma.pt\/index.php?rest_route=\/wp\/v2\/pages\/177"}],"wp:attachment":[{"href":"https:\/\/cierl.uma.pt\/index.php?rest_route=%2Fwp%2Fv2%2Fmedia&parent=521"}],"wp:term":[{"taxonomy":"language","embeddable":true,"href":"https:\/\/cierl.uma.pt\/index.php?rest_route=%2Fwp%2Fv2%2Flanguage&post=521"}],"curies":[{"name":"wp","href":"https:\/\/api.w.org\/{rel}","templated":true}]}}