 {"id":4062,"date":"2016-09-29T10:14:06","date_gmt":"2016-09-29T10:14:06","guid":{"rendered":"http:\/\/www4.uma.pt\/cierl\/?page_id=4062"},"modified":"2016-09-30T09:26:31","modified_gmt":"2016-09-30T09:26:31","slug":"meram-museu-da-emigracao-na-regiao-autonoma-da-madeira","status":"publish","type":"page","link":"https:\/\/cierl.uma.pt\/?page_id=4062","title":{"rendered":"MERAM &#8211; Museu da Emigra\u00e7\u00e3o na Regi\u00e3o Aut\u00f3noma da Madeira"},"content":{"rendered":"<h2 style=\"text-align: center;\"><a href=\"http:\/\/www4.uma.pt\/cierl\/wp-content\/uploads\/2016\/09\/imagem.png\" rel=\"attachment wp-att-4059\"><img loading=\"lazy\" decoding=\"async\" class=\"alignnone size-medium wp-image-4059\" src=\"http:\/\/www4.uma.pt\/cierl\/wp-content\/uploads\/2016\/09\/imagem-300x170.png\" alt=\"imagem\" width=\"300\" height=\"170\" srcset=\"https:\/\/cierl.uma.pt\/wp-content\/uploads\/2016\/09\/imagem-300x170.png 300w, https:\/\/cierl.uma.pt\/wp-content\/uploads\/2016\/09\/imagem.png 575w\" sizes=\"auto, (max-width: 300px) 100vw, 300px\" \/><\/a><\/h2>\n<h2 style=\"text-align: center;\">MERAM<\/h2>\n<h2 style=\"text-align: center;\">Para um Museu da Emigra\u00e7\u00e3o na Regi\u00e3o Aut\u00f3noma da Madeira<\/h2>\n<p><strong>Autoria: <\/strong>Elisa Freitas e Maria Martins<\/p>\n<p><strong>Institui\u00e7\u00e3o de acolhimento: <\/strong>CIERL-UMa<\/p>\n<p><strong>Institui\u00e7\u00f5es parceiras: <\/strong>a definir<\/p>\n<p><strong>DATAS: <\/strong>2016 &#8211; ?<\/p>\n<p><strong>Equipa de colaboradores: <\/strong>a definir<\/p>\n<p><strong>Sinopse: <\/strong>O <em>Projeto MERAM \u2013 Para um Museu da Emigra\u00e7\u00e3o na Regi\u00e3o Aut\u00f3noma da Madeira <\/em>centra a sua aten\u00e7\u00e3o na tem\u00e1tica da emigra\u00e7\u00e3o enquanto realidade que se cr\u00ea elencar de forma substancial nas quest\u00f5es de identidade insular madeirense, afetando sua a realidade social, cultural, econ\u00f3mica e pol\u00edtica, praticamente, desde\u00a0o povoamento\u00a0da ilha at\u00e9 \u00e0 atualidade. Aquilo que se prop\u00f5e como forma de atender \u00e0 necessidade de preservar, estudar e acompanhar os percursos da emigra\u00e7\u00e3o madeirense, mas tamb\u00e9m, de os partilhar, comunicar e, de certa forma, de os homenagear, passa pela cria\u00e7\u00e3o de um museu\/centro de mem\u00f3ria dedicado \u00e0 emigra\u00e7\u00e3o madeirense. Neste pressuposto, s\u00f3 a investiga\u00e7\u00e3o cont\u00ednua permitir\u00e1 a concretiza\u00e7\u00e3o de um projeto museol\u00f3gico consistente. Tra\u00e7am-se, assim, \u00e0 partida, os seguintes objetivos:<\/p>\n<p>1) Revis\u00e3o da literatura sobre a emigra\u00e7\u00e3o, sobre a emigra\u00e7\u00e3o madeirense e sobre as pr\u00e1ticas museol\u00f3gicas nos museus de migra\u00e7\u00e3o, como base para a perce\u00e7\u00e3o\/constru\u00e7\u00e3o do museu.<\/p>\n<p>2) Observa\u00e7\u00e3o de pr\u00e1ticas de institui\u00e7\u00f5es de refer\u00eancia, a n\u00edvel nacional e internacional, no panorama dos Museus de Migra\u00e7\u00e3o.<\/p>\n<p>3) Levantamento e registo de fontes relacionadas com a emigra\u00e7\u00e3o madeirense, como ponto de partida para o desenvolvimento\/forma\u00e7\u00e3o do esp\u00f3lio.<\/p>\n<p>4) Desenvolvimento de um s\u00edtio online associado a uma base de dados previamente estruturada que permita a recolha, registo e divulga\u00e7\u00e3o de informa\u00e7\u00e3o de interesse ao projeto, ao lado de uma sensibiliza\u00e7\u00e3o dos p\u00fablicos para o mesmo.<\/p>\n<p>5) Desenvolvimento de estudos comparativos entre os fluxos emigrat\u00f3rios da RAM, Macaron\u00e9sia e Regi\u00f5es de Portugal Continental.<\/p>\n<p>6) Explora\u00e7\u00e3o de trajetos e narrativas pessoais, biografias, testemunhos, hist\u00f3rias de vida- mem\u00f3rias dos emigrantes e dos seus familiares do Arquip\u00e9lago da Madeira.<\/p>\n<p>7) Explora\u00e7\u00e3o de aspetos da hist\u00f3ria, mem\u00f3rias, fluxos, trajetos e especificidades da emigra\u00e7\u00e3o madeirense atrav\u00e9s do seu patrim\u00f3nio material e imaterial.<\/p>\n<p>8) Reflex\u00e3o sobre as quest\u00f5es de identidade madeirense, explorando impactos da emigra\u00e7\u00e3o na constru\u00e7\u00e3o identit\u00e1ria, cultural, social, pol\u00edtica e econ\u00f3mica.<\/p>\n<p>9) Desenvolvimento de um projeto museol\u00f3gico espec\u00edfico e adaptado \u00e0 realidade da RAM, considerando p\u00fablicos, estrat\u00e9gias de estudo, preserva\u00e7\u00e3o e comunica\u00e7\u00e3o do futuro museu.<\/p>\n<p>&nbsp;<\/p>\n<p>&nbsp;<\/p>\n<p>&nbsp;<\/p>\n","protected":false},"excerpt":{"rendered":"<p>MERAM Para um Museu da Emigra\u00e7\u00e3o na Regi\u00e3o Aut\u00f3noma da Madeira Autoria: Elisa Freitas e Maria Martins Institui\u00e7\u00e3o de acolhimento: CIERL-UMa Institui\u00e7\u00f5es parceiras: a definir DATAS: 2016 &#8211; ? Equipa de colaboradores: a definir Sinopse: O Projeto MERAM \u2013 Para um Museu da Emigra\u00e7\u00e3o na Regi\u00e3o Aut\u00f3noma da Madeira centra a sua aten\u00e7\u00e3o na tem\u00e1tica &#8230; <a title=\"MERAM &#8211; Museu da Emigra\u00e7\u00e3o na Regi\u00e3o Aut\u00f3noma da Madeira\" class=\"read-more\" href=\"https:\/\/cierl.uma.pt\/?page_id=4062\" aria-label=\"More on MERAM &#8211; Museu da Emigra\u00e7\u00e3o na Regi\u00e3o Aut\u00f3noma da Madeira\">Read more<\/a><\/p>\n","protected":false},"author":6,"featured_media":0,"parent":0,"menu_order":0,"comment_status":"closed","ping_status":"closed","template":"","meta":{"footnotes":""},"language":[6],"class_list":{"0":"post-4062","1":"page","2":"type-page","3":"status-publish","5":"language-pt_pt"},"_links":{"self":[{"href":"https:\/\/cierl.uma.pt\/index.php?rest_route=\/wp\/v2\/pages\/4062","targetHints":{"allow":["GET"]}}],"collection":[{"href":"https:\/\/cierl.uma.pt\/index.php?rest_route=\/wp\/v2\/pages"}],"about":[{"href":"https:\/\/cierl.uma.pt\/index.php?rest_route=\/wp\/v2\/types\/page"}],"author":[{"embeddable":true,"href":"https:\/\/cierl.uma.pt\/index.php?rest_route=\/wp\/v2\/users\/6"}],"replies":[{"embeddable":true,"href":"https:\/\/cierl.uma.pt\/index.php?rest_route=%2Fwp%2Fv2%2Fcomments&post=4062"}],"version-history":[{"count":4,"href":"https:\/\/cierl.uma.pt\/index.php?rest_route=\/wp\/v2\/pages\/4062\/revisions"}],"predecessor-version":[{"id":4090,"href":"https:\/\/cierl.uma.pt\/index.php?rest_route=\/wp\/v2\/pages\/4062\/revisions\/4090"}],"wp:attachment":[{"href":"https:\/\/cierl.uma.pt\/index.php?rest_route=%2Fwp%2Fv2%2Fmedia&parent=4062"}],"wp:term":[{"taxonomy":"language","embeddable":true,"href":"https:\/\/cierl.uma.pt\/index.php?rest_route=%2Fwp%2Fv2%2Flanguage&post=4062"}],"curies":[{"name":"wp","href":"https:\/\/api.w.org\/{rel}","templated":true}]}}

MERAM &#8211; Museu da Emigração na Região Autónoma da Madeira

<h2 style="text-align: center;"><a href="http://www4.uma.pt/cierl/wp-content/uploads/2016/09/imagem.png" rel="attachment wp-att-4059"><img loading="lazy" decoding="async" class="alignnone size-medium wp-image-4059" src="http://www4.uma.pt/cierl/wp-content/uploads/2016/09/imagem-300x170.png" alt="imagem" width="300" height="170" srcset="https://cierl.uma.pt/wp-content/uploads/2016/09/imagem-300x170.png 300w, https://cierl.uma.pt/wp-content/uploads/2016/09/imagem.png 575w" sizes="auto, (max-width: 300px) 100vw, 300px" /></a></h2>
<h2 style="text-align: center;">MERAM</h2>
<h2 style="text-align: center;">Para um Museu da Emigração na Região Autónoma da Madeira</h2>
<p><strong>Autoria: </strong>Elisa Freitas e Maria Martins</p>
<p><strong>Instituição de acolhimento: </strong>CIERL-UMa</p>
<p><strong>Instituições parceiras: </strong>a definir</p>
<p><strong>DATAS: </strong>2016 &#8211; ?</p>
<p><strong>Equipa de colaboradores: </strong>a definir</p>
<p><strong>Sinopse: </strong>O <em>Projeto MERAM – Para um Museu da Emigração na Região Autónoma da Madeira </em>centra a sua atenção na temática da emigração enquanto realidade que se crê elencar de forma substancial nas questões de identidade insular madeirense, afetando sua a realidade social, cultural, económica e política, praticamente, desde o povoamento da ilha até à atualidade. Aquilo que se propõe como forma de atender à necessidade de preservar, estudar e acompanhar os percursos da emigração madeirense, mas também, de os partilhar, comunicar e, de certa forma, de os homenagear, passa pela criação de um museu/centro de memória dedicado à emigração madeirense. Neste pressuposto, só a investigação contínua permitirá a concretização de um projeto museológico consistente. Traçam-se, assim, à partida, os seguintes objetivos:</p>
<p>1) Revisão da literatura sobre a emigração, sobre a emigração madeirense e sobre as práticas museológicas nos museus de migração, como base para a perceção/construção do museu.</p>
<p>2) Observação de práticas de instituições de referência, a nível nacional e internacional, no panorama dos Museus de Migração.</p>
<p>3) Levantamento e registo de fontes relacionadas com a emigração madeirense, como ponto de partida para o desenvolvimento/formação do espólio.</p>
<p>4) Desenvolvimento de um sítio online associado a uma base de dados previamente estruturada que permita a recolha, registo e divulgação de informação de interesse ao projeto, ao lado de uma sensibilização dos públicos para o mesmo.</p>
<p>5) Desenvolvimento de estudos comparativos entre os fluxos emigratórios da RAM, Macaronésia e Regiões de Portugal Continental.</p>
<p>6) Exploração de trajetos e narrativas pessoais, biografias, testemunhos, histórias de vida- memórias dos emigrantes e dos seus familiares do Arquipélago da Madeira.</p>
<p>7) Exploração de aspetos da história, memórias, fluxos, trajetos e especificidades da emigração madeirense através do seu património material e imaterial.</p>
<p>8) Reflexão sobre as questões de identidade madeirense, explorando impactos da emigração na construção identitária, cultural, social, política e económica.</p>
<p>9) Desenvolvimento de um projeto museológico específico e adaptado à realidade da RAM, considerando públicos, estratégias de estudo, preservação e comunicação do futuro museu.</p>
<p>&nbsp;</p>
<p>&nbsp;</p>
<p>&nbsp;</p>

<p>MERAM Para um Museu da Emigração na Região Autónoma da Madeira Autoria: Elisa Freitas e Maria Martins Instituição de acolhimento: CIERL-UMa Instituições parceiras: a definir DATAS: 2016 &#8211; ? Equipa de colaboradores: a definir Sinopse: O Projeto MERAM – Para um Museu da Emigração na Região Autónoma da Madeira centra a sua atenção na temática &#8230; <a title="MERAM &#8211; Museu da Emigração na Região Autónoma da Madeira" class="read-more" href="https://cierl.uma.pt/?page_id=4062" aria-label="More on MERAM &#8211; Museu da Emigração na Região Autónoma da Madeira">Read more</a></p>
