 {"id":296,"date":"2015-03-24T10:56:13","date_gmt":"2015-03-24T10:56:13","guid":{"rendered":"http:\/\/www4.uma.pt\/cierl\/?page_id=296"},"modified":"2022-02-25T17:09:29","modified_gmt":"2022-02-25T17:09:29","slug":"life-memory-and-culture","status":"publish","type":"page","link":"https:\/\/cierl.uma.pt\/?page_id=296","title":{"rendered":"Life, Memory and Culture"},"content":{"rendered":"<table>\n<tbody>\n<tr>\n<td style=\"width: 334px;\">\u00a0<a href=\"https:\/\/cierl.uma.pt\/wp-content\/uploads\/2015\/03\/Logo_LMC.png\"><img loading=\"lazy\" decoding=\"async\" class=\"aligncenter wp-image-30004 size-full\" src=\"https:\/\/cierl.uma.pt\/wp-content\/uploads\/2015\/03\/Logo_LMC.png\" alt=\"\" width=\"222\" height=\"167\" \/><\/a><\/td>\n<td style=\"width: 1007px;\">\n<h1>\u00a0<span style=\"color: #332323;\">Colec\u00e7\u00e3o LIFE MEMORY &amp; CULTURE<\/span><\/h1>\n<\/td>\n<\/tr>\n<tr>\n<td style=\"width: 334px;\"><\/td>\n<td style=\"width: 1007px;\"><\/td>\n<\/tr>\n<tr>\n<td style=\"width: 334px; text-align: center;\"><a href=\"https:\/\/cierl.uma.pt\/wp-content\/uploads\/2015\/03\/Capa-Livro.png\"><img loading=\"lazy\" decoding=\"async\" class=\"alignnone wp-image-30005 size-full\" src=\"https:\/\/cierl.uma.pt\/wp-content\/uploads\/2015\/03\/Capa-Livro.png\" alt=\"\" width=\"645\" height=\"914\" srcset=\"https:\/\/cierl.uma.pt\/wp-content\/uploads\/2015\/03\/Capa-Livro.png 645w, https:\/\/cierl.uma.pt\/wp-content\/uploads\/2015\/03\/Capa-Livro-212x300.png 212w\" sizes=\"auto, (max-width: 645px) 100vw, 645px\" \/><\/a><\/td>\n<td style=\"width: 1007px;\">\n<h4>\u00a0<strong>(DIS)MEMORY OF DISASTERS. A MULTIDISCIPLINARY APPROACH<\/strong><\/h4>\n<h4><strong><span style=\"color: #808080;\">(DES)MEM\u00d3RIA DE DESASTRE. UMA ABORDAGEM MULTIDISCIPLINAR<\/span><\/strong><\/h4>\n<p>Eds. Sara Bonati, Ana Salgueiro, Duarte Encarna\u00e7\u00e3o, Filipa Fernandes, Il\u00eddio Sousa e F\u00e1bia Camacho de Sousa<\/p>\n<h6>ISBN: 978-989-95592-4-0<\/h6>\n<h5>Centro de Investiga\u00e7\u00e3o em Estudos Regionais e Locais<\/h5>\n<h5><span style=\"color: #808080;\">Colec\u00e7\u00e3o LIFE MEMORY &amp; CULTURE, n.\u00ba1<\/span><\/h5>\n<h6><\/h6>\n<h6><strong>eBook dispon\u00edvel<a href=\"https:\/\/cierl.uma.pt\/?page_id=30032\" target=\"_blank\" rel=\"noopener\"> aqui<\/a><\/strong><\/h6>\n<\/td>\n<\/tr>\n<\/tbody>\n<\/table>\n","protected":false},"excerpt":{"rendered":"<p>\u00a0 \u00a0Colec\u00e7\u00e3o LIFE MEMORY &amp; CULTURE \u00a0(DIS)MEMORY OF DISASTERS. A MULTIDISCIPLINARY APPROACH (DES)MEM\u00d3RIA DE DESASTRE. UMA ABORDAGEM MULTIDISCIPLINAR Eds. Sara Bonati, Ana Salgueiro, Duarte Encarna\u00e7\u00e3o, Filipa Fernandes, Il\u00eddio Sousa e F\u00e1bia Camacho de Sousa ISBN: 978-989-95592-4-0 Centro de Investiga\u00e7\u00e3o em Estudos Regionais e Locais Colec\u00e7\u00e3o LIFE MEMORY &amp; CULTURE, n.\u00ba1 eBook dispon\u00edvel aqui<\/p>\n","protected":false},"author":3,"featured_media":0,"parent":262,"menu_order":0,"comment_status":"closed","ping_status":"open","template":"","meta":{"footnotes":""},"language":[6],"class_list":{"0":"post-296","1":"page","2":"type-page","3":"status-publish","5":"language-pt_pt"},"_links":{"self":[{"href":"https:\/\/cierl.uma.pt\/index.php?rest_route=\/wp\/v2\/pages\/296","targetHints":{"allow":["GET"]}}],"collection":[{"href":"https:\/\/cierl.uma.pt\/index.php?rest_route=\/wp\/v2\/pages"}],"about":[{"href":"https:\/\/cierl.uma.pt\/index.php?rest_route=\/wp\/v2\/types\/page"}],"author":[{"embeddable":true,"href":"https:\/\/cierl.uma.pt\/index.php?rest_route=\/wp\/v2\/users\/3"}],"replies":[{"embeddable":true,"href":"https:\/\/cierl.uma.pt\/index.php?rest_route=%2Fwp%2Fv2%2Fcomments&post=296"}],"version-history":[{"count":15,"href":"https:\/\/cierl.uma.pt\/index.php?rest_route=\/wp\/v2\/pages\/296\/revisions"}],"predecessor-version":[{"id":30141,"href":"https:\/\/cierl.uma.pt\/index.php?rest_route=\/wp\/v2\/pages\/296\/revisions\/30141"}],"up":[{"embeddable":true,"href":"https:\/\/cierl.uma.pt\/index.php?rest_route=\/wp\/v2\/pages\/262"}],"wp:attachment":[{"href":"https:\/\/cierl.uma.pt\/index.php?rest_route=%2Fwp%2Fv2%2Fmedia&parent=296"}],"wp:term":[{"taxonomy":"language","embeddable":true,"href":"https:\/\/cierl.uma.pt\/index.php?rest_route=%2Fwp%2Fv2%2Flanguage&post=296"}],"curies":[{"name":"wp","href":"https:\/\/api.w.org\/{rel}","templated":true}]}}