 {"id":1932,"date":"2016-02-26T14:27:30","date_gmt":"2016-02-26T14:27:30","guid":{"rendered":"http:\/\/www4.uma.pt\/cierl\/?page_id=1932"},"modified":"2017-10-06T19:05:00","modified_gmt":"2017-10-06T19:05:00","slug":"iii-insula-formulario-de-inscricao","status":"publish","type":"page","link":"https:\/\/cierl.uma.pt\/?page_id=1932","title":{"rendered":"III INSULA &#8211; Incri\u00e7\u00f5es"},"content":{"rendered":"<h3 style=\"text-align: center;\"><\/h3>\n<h2 style=\"text-align: justify; padding-left: 720px;\"><strong><span style=\"color: #a73307;\">Inscri\u00e7\u00f5es\u00a0<\/span><\/strong><\/h2>\n<table style=\"width: 1385px; height: 1526px;\">\n<tbody>\n<tr>\n<td style=\"width: 640px;\">\n<h4 style=\"text-align: center;\"><a href=\"http:\/\/www4.uma.pt\/cierl\/wp-content\/uploads\/2016\/02\/insulaIII_recorte.png\"><img loading=\"lazy\" decoding=\"async\" class=\"alignnone wp-image-4767\" src=\"http:\/\/www4.uma.pt\/cierl\/wp-content\/uploads\/2016\/02\/insulaIII_recorte.png\" alt=\"\" width=\"145\" height=\"145\" \/><\/a><\/h4>\n<h3 style=\"text-align: center;\"><span style=\"color: #a73307;\"><strong>III Col\u00f3quio Internacional INSULA<\/strong><\/span><\/h3>\n<h3 style=\"text-align: center;\"><span style=\"color: #808080;\"><strong>PARA AL\u00c9M DE NATUREZA\/ARTIF\u00cdCIO<\/strong><\/span><\/h3>\n<\/td>\n<td style=\"width: 707px;\">\n<h4 style=\"text-align: center;\"><a href=\"http:\/\/www4.uma.pt\/cierl\/wp-content\/uploads\/2015\/04\/island-cities-and-urban-archipelagos.png.png\"><img loading=\"lazy\" decoding=\"async\" class=\"alignnone wp-image-1503\" src=\"http:\/\/www4.uma.pt\/cierl\/wp-content\/uploads\/2015\/04\/island-cities-and-urban-archipelagos.png-300x121.png\" alt=\"\" width=\"282\" height=\"114\" srcset=\"https:\/\/cierl.uma.pt\/wp-content\/uploads\/2015\/04\/island-cities-and-urban-archipelagos.png-300x121.png 300w, https:\/\/cierl.uma.pt\/wp-content\/uploads\/2015\/04\/island-cities-and-urban-archipelagos.png.png 818w\" sizes=\"auto, (max-width: 282px) 100vw, 282px\" \/><\/a><\/h4>\n<h3 style=\"text-align: center;\"><\/h3>\n<h3 style=\"text-align: center;\"><strong><span style=\"color: #a73307;\">Conferencia Internacional de 2017<\/span><span style=\"color: #a73307;\">\u00a0<\/span><\/strong><\/h3>\n<h3 style=\"text-align: center;\"><span style=\"color: #808080;\"><strong>ISLAND CITIES &amp;\u00a0URBAN ARCHIPELAGOS<\/strong><\/span><\/h3>\n<\/td>\n<\/tr>\n<tr>\n<td style=\"width: 1365px;\" colspan=\"2\">\n<p style=\"text-align: justify;\">Para se inscrever quer no<span style=\"color: #a73307;\"><strong> III Col\u00f3quio Internacional INSULA. Para Al\u00e9m de <span style=\"color: #a73307;\">Natureza\/Artif\u00edcio,<\/span>\u00a0<\/strong><\/span>quer na <strong><span style=\"color: #a73307;\">Confer\u00eancia Internacional\u00a0Island Cities &amp; Urban Archipelagos<\/span><\/strong>\u00a0dever\u00e1 preencher o formul\u00e1rio que se segue e proceder ao pagamento da devida taxa de inscri\u00e7\u00e3o conforme indica\u00e7\u00f5es prestadas:<\/p>\n<table>\n<tbody>\n<tr>\n<td style=\"text-align: center;\"><strong><a href=\"http:\/\/www4.uma.pt\/cierl\/?page_id=5265\">Formul\u00e1rio de inscri\u00e7\u00e3o no INSULA<\/a><\/strong><\/td>\n<td style=\"text-align: center;\"><strong><a href=\"http:\/\/www4.uma.pt\/cierl\/?page_id=5268\">Fomul\u00e1rio de inscri\u00e7\u00e3o na ICUA<\/a><\/strong><\/td>\n<\/tr>\n<\/tbody>\n<\/table>\n<div class=\"m_-5659351666098033466io-ox-signature\">\u00a0<span style=\"color: #a73307;\"><strong>Nota:<\/strong><\/span><\/div>\n<div class=\"m_-5659351666098033466io-ox-signature\">\n<ul>\n<li>O comprovativo de pagamento dever\u00e1 ser enviado para\u00a0<span style=\"color: #a73307;\"><a style=\"color: #a73307;\" href=\"http:\/\/insula3@mail.uma.pt\">insula3@mail.uma.pt<\/a>\u00a0.<\/span><\/li>\n<li>Qualquer taxa relativa a transfer\u00eancia banc\u00e1ria ser\u00e1 da responsabilidade do participante inscrito.<\/li>\n<\/ul>\n<p>&nbsp;<\/p>\n<\/div>\n<h3 style=\"text-align: left;\"><span style=\"color: #a73307;\"><strong>Taxas de inscri\u00e7\u00e3o <span style=\"color: #339966;\">[prazo final actualizado]<\/span><\/strong><\/span><\/h3>\n<p>&nbsp;<\/p>\n<ul>\n<li><strong>Participante com comunica\u00e7\u00e3o*<\/strong>\n<ul>\n<li>Antes de 31 de Julho de 2017 \u2013 <span style=\"color: #a73307;\"><strong>\u20ac 200<\/strong><\/span><\/li>\n<li>At\u00e9 <strong>09 de Outubro<\/strong> de 2017 \u2013 <span style=\"color: #a73307;\"><strong>\u20ac 250 (prolongamento do prazo)<\/strong><\/span><\/li>\n<\/ul>\n<\/li>\n<\/ul>\n<ul>\n<li><strong>Participante com comunica\u00e7\u00e3o (Residente em Portugal)*<\/strong>\n<ul>\n<li>Antes de 31 de Julho de 2017 \u2013 <span style=\"color: #a73307;\"><strong>\u20ac 100<\/strong><\/span><\/li>\n<li>At\u00e9 <strong>09 de Outubro<\/strong> de 2017 \u2013 <span style=\"color: #a73307;\"><strong>\u20ac 150\u00a0(prolongamento do prazo)<\/strong><\/span><\/li>\n<\/ul>\n<\/li>\n<\/ul>\n<ul>\n<li><strong>Participante com comunica\u00e7\u00e3o <span style=\"color: #ff9900;\">(Alunos de PhD &amp; Ma, matriculados nos anos letivos de 2016-17 ou 2017-18)<\/span>:*<\/strong>\n<ul>\n<li>Antes de 31 de Julho de 2017<strong> \u2013 <span style=\"color: #a73307;\">\u20ac 50<\/span><\/strong><\/li>\n<li>At\u00e9 <strong>09 de Outubro<\/strong> de 2017 \u2013<span style=\"color: #a73307;\"> <strong>\u20ac\u00a075\u00a0(prolongamento do prazo)<\/strong><\/span><\/li>\n<\/ul>\n<\/li>\n<\/ul>\n<ul>\n<li><strong>Investigadores do UMa-CIERL <\/strong>e participantes com comunica\u00e7\u00e3o de<strong> institui\u00e7\u00f5es parceiras*<\/strong>\u00a0\u2013\u00a0<span style=\"color: #a73307;\"><strong>\u20ac<\/strong><strong> 50<\/strong><\/span><\/li>\n<\/ul>\n<ul>\n<li><strong>Participantes sem comunica\u00e7\u00e3o*<\/strong>\u2013 <span style=\"color: #a73307;\"><strong>\u20ac 30<\/strong><\/span><\/li>\n<\/ul>\n<ul>\n<li><strong>Alunos da UMa<\/strong>\u2013 isentos de pagamento de taxa de inscri\u00e7\u00e3o, mas inscri\u00e7\u00e3o obrigat\u00f3ria<\/li>\n<\/ul>\n<div class=\"m_-5659351666098033466io-ox-signature\">\u00a0<strong>*\u00a0\u00a0<\/strong>Nos casos assinalados com *, a taxa de inscri\u00e7\u00e3o inclui a participa\u00e7\u00e3o em actividades culturais constituintes do programa do col\u00f3quio.<\/div>\n<div class=\"m_-5659351666098033466io-ox-signature\">\u00a0 \u00a0 \u00a0 O jantar do encontro ser\u00e1 pago \u00e0 parte.<\/div>\n<\/td>\n<\/tr>\n<tr>\n<td style=\"width: 640px;\">\n<p style=\"text-align: justify;\">Como forma de promover e apoiar a <span style=\"color: #a73307;\">excel\u00eancia<\/span> de participantes estudantes de <span style=\"color: #a73307;\">mestrado e doutoramento<\/span>, a Comiss\u00e3o Organizadora atribuir\u00e1 <strong><span style=\"color: #a73307;\">5 BOLSAS INSULA-UMa. Para Al\u00e9m de Natureza\/Artif\u00edcio<\/span><\/strong>, para <span style=\"color: #a73307;\">isen\u00e7\u00e3o das taxas de inscri\u00e7\u00e3o<span style=\"color: #333333;\"><span style=\"color: #a73307;\">, e financiamento do<\/span> <span style=\"color: #a73307;\">alojamento<\/span> e <span style=\"color: #a73307;\">do\u00a0jantar do col\u00f3quio<span style=\"color: #333333;\">. \u00a0<\/span><\/span><\/span><\/span><\/p>\n<p>Regulamento de\u00a0<strong>BOLSAS INSULA-UMa. Para Al\u00e9m de Natureza\/Artif\u00edcio <a href=\"http:\/\/www4.uma.pt\/cierl\/wp-content\/uploads\/2016\/02\/Regulamento-Bolsas-INSULA-UMa-CIERL_BeyondNature-Artifice.pdf\"><span style=\"color: #a73307;\">aqui<\/span><\/a><\/strong><\/td>\n<td style=\"width: 707px; text-align: justify;\">\u00a0<span style=\"color: #a73307;\"><strong>+ <\/strong><strong>Info.<\/strong><\/span> sobre<span style=\"color: #a73307;\"><strong> <span style=\"color: #a73307;\">BOLSAS<\/span> ICUA<\/strong><\/span> e pagamentos tardios <span style=\"color: #a73307;\"><a style=\"color: #a73307;\" href=\"http:\/\/www.islanddynamics.org\/payment.html\">aqui<\/a>\u00a0<\/span><\/p>\n<p>&nbsp;<\/p>\n<p>&nbsp;<\/p>\n<p>&nbsp;<\/td>\n<\/tr>\n<tr>\n<td style=\"width: 640px;\">\n<p style=\"text-align: center;\"><span style=\"color: #808080;\">Regressar \u00e0<\/span> <a href=\"http:\/\/www4.uma.pt\/cierl\/?page_id=1909\"><strong><span style=\"color: #a73307;\">p\u00e1gina inicial\u00a0do INSULA<\/span><\/strong><\/a><\/p>\n<\/td>\n<td style=\"width: 707px; text-align: center;\"><span style=\"color: #808080;\">Regressar \u00e0<\/span> <strong><span style=\"color: #a73307;\"><a style=\"color: #a73307;\" href=\"http:\/\/islandcities.org\/icua2017.html\">p\u00e1gina inicial\u00a0da ICUA<\/a><\/span><\/strong><\/td>\n<\/tr>\n<\/tbody>\n<\/table>\n<h4 style=\"text-align: justify;\"><\/h4>\n","protected":false},"excerpt":{"rendered":"<p>Inscri\u00e7\u00f5es\u00a0 III Col\u00f3quio Internacional INSULA PARA AL\u00c9M DE NATUREZA\/ARTIF\u00cdCIO Conferencia Internacional de 2017\u00a0 ISLAND CITIES &amp;\u00a0URBAN ARCHIPELAGOS Para se inscrever quer no III Col\u00f3quio Internacional INSULA. Para Al\u00e9m de Natureza\/Artif\u00edcio,\u00a0quer na Confer\u00eancia Internacional\u00a0Island Cities &amp; Urban Archipelagos\u00a0dever\u00e1 preencher o formul\u00e1rio que se segue e proceder ao pagamento da devida taxa de inscri\u00e7\u00e3o conforme indica\u00e7\u00f5es prestadas: &#8230; <a title=\"III INSULA &#8211; Incri\u00e7\u00f5es\" class=\"read-more\" href=\"https:\/\/cierl.uma.pt\/?page_id=1932\" aria-label=\"More on III INSULA &#8211; Incri\u00e7\u00f5es\">Read more<\/a><\/p>\n","protected":false},"author":101012,"featured_media":0,"parent":1909,"menu_order":0,"comment_status":"closed","ping_status":"closed","template":"","meta":{"footnotes":""},"language":[6],"class_list":{"0":"post-1932","1":"page","2":"type-page","3":"status-publish","5":"language-pt_pt"},"_links":{"self":[{"href":"https:\/\/cierl.uma.pt\/index.php?rest_route=\/wp\/v2\/pages\/1932","targetHints":{"allow":["GET"]}}],"collection":[{"href":"https:\/\/cierl.uma.pt\/index.php?rest_route=\/wp\/v2\/pages"}],"about":[{"href":"https:\/\/cierl.uma.pt\/index.php?rest_route=\/wp\/v2\/types\/page"}],"author":[{"embeddable":true,"href":"https:\/\/cierl.uma.pt\/index.php?rest_route=\/wp\/v2\/users\/101012"}],"replies":[{"embeddable":true,"href":"https:\/\/cierl.uma.pt\/index.php?rest_route=%2Fwp%2Fv2%2Fcomments&post=1932"}],"version-history":[{"count":59,"href":"https:\/\/cierl.uma.pt\/index.php?rest_route=\/wp\/v2\/pages\/1932\/revisions"}],"predecessor-version":[{"id":5988,"href":"https:\/\/cierl.uma.pt\/index.php?rest_route=\/wp\/v2\/pages\/1932\/revisions\/5988"}],"up":[{"embeddable":true,"href":"https:\/\/cierl.uma.pt\/index.php?rest_route=\/wp\/v2\/pages\/1909"}],"wp:attachment":[{"href":"https:\/\/cierl.uma.pt\/index.php?rest_route=%2Fwp%2Fv2%2Fmedia&parent=1932"}],"wp:term":[{"taxonomy":"language","embeddable":true,"href":"https:\/\/cierl.uma.pt\/index.php?rest_route=%2Fwp%2Fv2%2Flanguage&post=1932"}],"curies":[{"name":"wp","href":"https:\/\/api.w.org\/{rel}","templated":true}]}}